mainder when 5921 is divided by 436.
253
Calculate the remainder when 585062 is divided by 367.
64
What is the remainder when 100076504 is divided by 318?
314
What is the remainder when 22659199 is divided by 1179?
1177
Calculate the remainder when 1572876 is divided by 786417.
42
Calculate the remainder when 43649 is divided by 4737.
1016
Calculate the remainder when 3332 is divided by 3332.
0
Calculate the remainder when 159577 is divided by 756.
61
What is the remainder when 4603075 is divided by 29?
21
What is the remainder when 818007 is divided by 8516?
471
Calculate the remainder when 152640 is divided by 5280.
4800
What is the remainder when 9940420 is divided by 58131?
19
What is the remainder when 471371 is divided by 2492?
383
What is the remainder when 2217680 is divided by 6109?
113
What is the remainder when 5732516 is divided by 218?
206
Calculate the remainder when 3336793 is divided by 1773.
7
Calculate the remainder when 136796448 is divided by 2075.
2073
What is the remainder when 1375927 is divided by 207?
205
What is the remainder when 297409161 is divided by 356?
353
What is the remainder when 23927874 is divided by 19613?
14
Calculate the remainder when 2821653 is divided by 178.
175
What is the remainder when 7200336 is divided by 2399984?
384
What is the remainder when 794898 is divided by 1169?
1147
Calculate the remainder when 623713783 is divided by 10.
3
What is the remainder when 10921 is divided by 890?
241
Calculate the remainder when 1462424 is divided by 97487.
119
What is the remainder when 17384280 is divided by 3597?
3576
What is the remainder when 135952058 is divided by 4119759?
11
What is the remainder when 590090 is divided by 167?
79
What is the remainder when 2117418 is divided by 35?
23
Calculate the remainder when 76616267 is divided by 1768.
1755
Calculate the remainder when 132018 is divided by 6286.
12
What is the remainder when 429525 is divided by 85889?
80
Calculate the remainder when 6351399 is divided by 11740.
59
Calculate the remainder when 106721204 is divided by 24.
20
What is the remainder when 3552507 is divided by 4107?
4059
What is the remainder when 1351 is divided by 982?
369
What is the remainder when 203111 is divided by 324?
287
What is the remainder when 4411476 is divided by 357?
27
Calculate the remainder when 499061 is divided by 499028.
33
Calculate the remainder when 197130 is divided by 2767.
673
Calculate the remainder when 1072400 is divided by 381.
266
What is the remainder when 21235414 is divided by 732255?
19
What is the remainder when 414971 is divided by 207371?
229
What is the remainder when 6262587 is divided by 249?
237
Calculate the remainder when 248293 is divided by 9927.
118
What is the remainder when 5458774 is divided by 779821?
27
What is the remainder when 901184 is divided by 300310?
254
Calculate the remainder when 2240708 is divided by 5163.
5129
What is the remainder when 6672788 is divided by 3336394?
0
Calculate the remainder when 79047 is divided by 442.
371
Calculate the remainder when 15805087 is divided by 73.
3
What is the remainder when 338439419 is divided by 4356?
4355
Calculate the remainder when 62268 is divided by 62163.
105
Calculate the remainder when 6287336 is divided by 60.
56
Calculate the remainder when 550987 is divided by 71.
27
What is the remainder when 31666081 is divided by 16?
1
What is the remainder when 7290705 is divided by 1304?
41
Calculate the remainder when 3312978 is divided by 75290.
218
What is the remainder when 23457562 is divided by 141?
97
What is the remainder when 5357857 is divided by 20?
17
What is the remainder when 109277649 is divided by 30533?
42
Calculate the remainder when 2785313 is divided by 309.
296
What is the remainder when 959555 is divided by 159881?
269
Calculate the remainder when 47165 is divided by 23270.
625
What is the remainder when 18032176 is divided by 7133?
7085
What is the remainder when 4404326 is divided by 283?
280
Calculate the remainder when 33259 is divided by 16460.
339
Calculate the remainder when 37247582 is divided by 1327.
19
Calculate the remainder when 162158199 is divided by 13.
8
What is the remainder when 1178847 is divided by 197?
196
Calculate the remainder when 334989 is divided by 82857.
3561
Calculate the remainder when 14014 is divided by 13804.
210
What is the remainder when 1896519 is divided by 2685?
909
Calculate the remainder when 3677395 is divided by 1225714.
253
What is the remainder when 2434369 is divided by 129?
10
Calculate the remainder when 15380992 is divided by 6.
4
What is the remainder when 363105 is divided by 45319?
553
What is the remainder when 55852330 is divided by 385?
380
Calculate the remainder when 112000 is divided by 13766.
1872
What is the remainder when 42033 is divided by 20515?
1003
Calculate the remainder when 29288083 is divided by 2662551.
22
Calculate the remainder when 139862 is divided by 21712.
9590
Calculate the remainder when 432357 is divided by 350.
107
Calculate the remainder when 39720 is divided by 2331.
93
Calculate the remainder when 22832 is divided by 7571.
119
Calculate the remainder when 1818291 is divided by 31349.
49
Calculate the remainder when 12130 is divided by 213.
202
Calculate the remainder when 60991918 is divided by 495.
493
Calculate the remainder when 3099437 is divided by 1103.
7
Calculate the remainder when 17482394 is divided by 9548.
6
What is the remainder when 13489021 is divided by 562041?
37
Calculate the remainder when 7974761 is divided by 393.
5
What is the remainder when 31723268 is divided by 36?
32
What is the remainder when 4004364 is divided by 1075?
1064
Calculate the remainder when 1971416211 is divided by 1556.
1555
What is the remainder when 681550 is divided by 1321?
1235
Calculate the remainder when 525016 is divided by 24.
16
Calculate the remainder when 11040 is divided by 5327.
386
What is the remainder when 688981 is divided by 873?
184
What is the remainder when 13406063 is divided by 28?
27
Calculate the remainder when 212522 is divided by 1156.
974
Calculate the remainder when 6645813 is divided by 2562.
2547
What is the remainder when 99285 is divided by 3777?
1083
What is the remainder when 115289 is divided by 4266?
107
Calculate the remainder when 7926236 is divided by 1120.
1116
What is the remainder when 78784 is divided by 2090?
1454
Calculate the remainder when 398257 is divided by 2613.
1081
What is the remainder when 15625 is divided by 4339?
2608
Calculate the remainder when 1591391 is divided by 1090.
1081
Calculate the remainder when 12179107 is divided by 4059687.
46
What is the remainder when 68329 is divided by 1314?
1
What is the remainder when 1570561215 is divided by 13967?
13966
What is the remainder when 1596998 is divided by 545?
148
What is the remainder when 7587 is divided by 1458?
297
Calculate the remainder when 60933 is divided by 1902.
69
What is the remainder when 373659 is divided by 696?
603
What is the remainder when 51584 is divided by 51157?
427
What is the remainder when 7102183 is divided by 1483?
96
Calculate the remainder when 160400 is divided by 5727.
44
What is the remainder when 19500 is divided by 1330?
880
What is the remainder when 13146966 is divided by 21?
0
Calculate the remainder when 299878 is divided by 74923.
186
What is the remainder when 424896010 is divided by 114?
112
What is the remainder when 226003 is divided by 821?
228
Calculate the remainder when 527940884 is divided by 4241.
4240
Calculate the remainder when 50273710 is divided by 809.
23
What is the remainder when 387767 is divided by 6924?
23
What is the remainder when 127953 is divided by 52?
33
Calculate the remainder when 35942563 is divided by 1109.
982
Calculate the remainder when 36549716 is divided by 37.
6
Calculate the remainder when 11793753 is divided by 1498.
1497
What is the remainder when 1308791 is divided by 145376?
407
What is the remainder when 3859141 is divided by 1921?
1773
What is the remainder when 348690 is divided by 28976?
978
What is the remainder when 12109522 is divided by 3618?
76
Calculate the remainder when 106944 is divided by 35643.
15
Calculate the remainder when 36952066 is divided by 22824.
10
Calculate the 